s 4 + -21221415?
-21221411
In base 4, what is 113 + -10132111?
-10131332
In base 13, what is -24 - 442?
-466
In base 7, what is -222532 - 0?
-222532
In base 15, what is 15 + ebdb?
ec01
In base 10, what is 385 - 264?
121
In base 3, what is -221212 + -210?
-222122
In base 14, what is 41a75 + 0?
41a75
In base 9, what is 88836 + -5?
88831
In base 14, what is -23 - -a34?
a11
In base 6, what is -115133 - -155?
-114534
In base 5, what is 100430 + -100?
100330
In base 8, what is -204 - -1340?
1134
In base 6, what is 23510 - -55?
24005
In base 3, what is 12 - 1121221211?
-1121221122
In base 14, what is d6 + -75b?
-665
In base 12, what is 13489 - 4?
13485
In base 6, what is -10014 - -114?
-5500
In base 5, what is -1124124 - -3?
-1124121
In base 11, what is 0 - -5774?
5774
In base 12, what is 2715 + -5a?
2677
In base 4, what is 2332 - 10033331?
-10030333
In base 6, what is -11 + 342?
331
In base 4, what is 3223132 + 1?
3223133
In base 7, what is -21 - -15520?
15466
In base 13, what is -6 - 12a9?
-12b2
In base 7, what is 11245 + 135?
11413
In base 7, what is 612 - 104216?
-103304
In base 2, what is 110 + 11101000001010?
11101000010000
In base 6, what is -23 + -422531?
-422554
In base 16, what is 8d - 4b6?
-429
In base 15, what is -59a - 33e?
-8d9
In base 15, what is 5e59 + -5?
5e54
In base 15, what is -21 + 28e2?
28c1
In base 4, what is -1010331212 - -2?
-1010331210
In base 13, what is -2 - 4906?
-4908
In base 16, what is -3 + 2426?
2423
In base 11, what is -1230a + 3?
-12307
In base 8, what is 5 - 15731?
-15724
In base 10, what is -3 - -717?
714
In base 7, what is -25156 + -2?
-25161
In base 16, what is a2e4 - -2?
a2e6
In base 2, what is -111001111011 - 11?
-111001111110
In base 8, what is 2417 + 161?
2600
In base 13, what is -37b + -c75?
-1323
In base 4, what is 2 + -202123131?
-202123123
In base 5, what is -23222124 - -4?
-23222120
In base 2, what is -11101 + -10000100010000101?
-10000100010100010
In base 12, what is 0 + -b90a?
-b90a
In base 16, what is 330 - -3e?
36e
In base 7, what is -36540 - 322?
-40162
In base 15, what is -56ae0 + 5?
-56ada
In base 15, what is -92 - c2b?
-cbd
In base 3, what is -110210020001212 + 10?
-110210020001202
In base 15, what is -3192 - 1?
-3193
In base 14, what is -3 + -5557?
-555a
In base 12, what is -7 - -2466?
245b
In base 5, what is -3 - 131324?
-131332
In base 7, what is 253246 - 0?
253246
In base 11, what is -19751 + 29?
-19723
In base 14, what is 7 + -41c0?
-41b7
In base 6, what is 40 - -4323?
4403
In base 9, what is 8 + -63150?
-63141
In base 13, what is 86 - c627?
-c571
In base 13, what is 4bc - -288?
777
In base 8, what is 4650 + 0?
4650
In base 8, what is -714711 - 4?
-714715
In base 8, what is 2 - -5713234?
5713236
In base 16, what is b9eef + -4?
b9eeb
In base 4, what is 2022231312 + -1?
2022231311
In base 12, what is -46 - -528?
4a2
In base 6, what is 441 - 4110?
-3225
In base 5, what is 43412 + -111?
43301
In base 4, what is 1012322 - 230?
1012032
In base 11, what is -100 - 2109?
-2209
In base 8, what is 46665 + -11?
46654
In base 6, what is 225 + 14050?
14315
In base 9, what is -30 - 15773?
-15813
In base 8, what is -13165245 - 3?
-13165250
In base 2, what is -11100111111111 - 10?
-11101000000001
In base 4, what is 223031311 - -11?
223031322
In base 3, what is -2201 + 111021?
101120
In base 7, what is 0 - 12001?
-12001
In base 10, what is -1 + -30577?
-30578
In base 7, what is -1241512 - 0?
-1241512
In base 15, what is 3 - 2752?
-274e
In base 8, what is -260 - 350?
-630
In base 8, what is 73711 - 4?
73705
In base 13, what is -a9 - 490?
-569
In base 7, what is 33 - 3221?
-3155
In base 2, what is 100 + 1111100010101?
1111100011001
In base 5, what is 31440 + 13?
32003
In base 2, what is -110000110001 - 11?
-110000110100
In base 2, what is 100101001100100010 - 0?
100101001100100010
In base 8, what is -24 - 17726?
-17752
In base 15, what is c632 + -2?
c630
In base 10, what is 6 + 6151?
6157
In base 8, what is 101 + -1322?
-1221
In base 4, what is 211131 - -12?
211203
In base 5, what is 12 + -213310?
-213243
In base 5, what is -343413 + -1214?
-400132
In base 7, what is 11 + -243310?
-243266
In base 7, what is -13 + 26551?
26535
In base 14, what is -10795 + 3?
-10792
In base 9, what is 271784 - 4?
271780
In base 5, what is -111 - 13233?
-13344
In base 5, what is -20 - -310114?
310044
In base 11, what is -21511 - -5?
-21507
In base 2, what is 111001100101 + 1011100?
111011000001
In base 10, what is 3 + -54158?
-54155
In base 11, what is 7aa - -5a?
859
In base 3, what is -100011220102221 - -2?
-100011220102212
In base 3, what is 1202 + 210102?
212011
In base 12, what is 1031 + -a?
1023
In base 15, what is -4 - -6332?
632d
In base 7, what is 6 - 25104?
-25065
In base 13, what is -1 + -3144?
-3145
In base 16, what is -2 + 4b53?
4b51
In base 10, what is 1118 + -592?
526
In base 10, what is 105 - 282?
-177
In base 3, what is -102110102 - -12?
-102110020
In base 7, what is 4533061 - 2?
4533056
In base 16, what is -4 + 79d5?
79d1
In base 14, what is -86 - 9d5b?
-a003
In base 7, what is -3 + 14325?
14322
In base 6, what is 45111 - 5?
45102
In base 10, what is -93 + 16352?
16259
In base 10, what is -3 + -176602?
-176605
In base 14, what is -5 - 396d?
-3974
In base 5, what is 2441144 - 4?
2441140
In base 14, what is -177 + 2b?
-14a
In base 2, what is -10110010010101 - -110?
-10110010001111
In base 16, what is 2 - 446ba?
-446b8
In base 11, what is 71249 + -1?
71248
In base 10, what is 190 - -290?
480
In base 14, what is 38 + -aba1?
-ab67
In base 14, what is 1 + -44b0c?
-44b0b
In base 2, what is -101100111010101 + -1100?
-101100111100001
In base 8, what is 1 + 467414?
467415
In base 15, what is e387 - -2?
e389
In base 6, what is 3 - 142224?
-142221
In base 10, what is -347 + -3230?
-3577
In base 16, what is 18bd + -22?
189b
In base 12, what is -5 + 147811?
147808
In base 5, what is -12032422 - -2?
-12032420
In base 12, what is 2049b + -2?
20499
In base 16, what is 8bfb + -17?
8be4
In base 16, what is 379 - -23?
39c
In base 4, what is -11323 - 230?
-12213
In base 11, what is 760 - 354?
407
In base 3, what is 1202200 + -2110?
1200020
In base 10, what is 5 + 292253?
292258
In base 16, what is 57b - 5?
576
In base 6, what is 33352 - 2?
33350
In base 2, what is -1001001101110100100 + -1100?
-1001001101110110000
In base 13, what is 4 + -42959c?
-429598
In base 11, what is -1859 - 588?
-2336
In base 10, what is -4110 + -9?
-4119
In base 6, what is -1 + -103335?
-103340
In base 13, what is 1a735 - 1?
1a734
In base 7, what is 160 + -34226?
-34036
In base 13, what is -50 - b67?
-bb7
In base 4, what is -120 + 1221210?
1221030
In base 15, what is 224 - 3b1?
-18c
In base 16, what is 348bf - -2?
348c1
In base 16, what is -113 + -14?
-127
In base 9, what is -4541 - 24?
-4565
In base 15, what is -2 + dbd7?
dbd5
In base 2, what is 10001 + 10000001110000000100?
10000001110000010101
In base 5, what is -340 + -3330?
-4220
In base 14, what is -4d + -a?
-59
In base 3, what is 1211 + -20220120?
-20211202
In base 3, what is 11 + -10022212002?
-10022211221
In base 9, what is -3215074 - 2?
-3215076
In base 6, what is 0 + -2140254?
-2140254
In base 2, what is 1 - -10010011011110101010?
10010011011110101011
In base 11, what is -4 - -26704a?
267046
In base 7, what is 24 + -2006?
-1652
In base 5, what is -442 - -312?
-130
In base 9, what is 2005 + 5164?
7170
In base 13, what is 6a6 - 33?
673
In base 10, what is 25 - 38023?
-37998
In base 14, what is 7543 - -9d?
7602
In base 13, what is -a2 - 3cb?
-4a0
In base 14, what is -a900 - -28?
-a8b6
In base 10, what is -138 - -63?
-75
In base 2, what is 10 - -100100011001001?
100100011001011
In base 6, what is 21015 - 214?
20401
In base 2, what is -101110101001 + 11?
-101110100110
In base 12, what is b4 + 2aa?
3a2
In base 9, what is -17748 - 3?
-17752
In base 5, what is 2332102 - 3?
2332044
In base 12, what is -3962 - -a?
-3954
In base 4, what is -333121 + -211?
-333332
In base 11, what is -1819 + 92?
-1737
In base 11, what is -617 - -36?
-591
In base 12, what is -1068 + -1471?
-2519
In base 15, what is -e107 - -4?
-e103
In base 4, what is 201 - -111102?
111303
In base 8, what is -15775 - -1?
-15774
In base 9, what is -57 + -8630?
-8687
In base 6, what is -3420 + -1353?
-5213
In base 13, what is 5 - -1a7629?
1